7931 = 244403. What is the remainder when v is divided by s?
16
Calculate the remainder when 1/23 + 331080/2760 is divided by 13.
3
Suppose -3*f + 4742 - 4490 = 0. Calculate the remainder when 3610 is divided by f.
82
Let u(t) = -6*t - 56. Suppose 0 = 18*w + 108 + 72. Suppose 0 = -4*x - x + 85. Calculate the remainder when x is divided by u(w).
1
Let h(p) = 7*p**2 + 14*p + 31. Let t be h(-7). Let x = 141 - t. Let n = 199 + x. Calculate the remainder when n is divided by 33.
31
Suppose 5*m = -n + 2340, 4*m - 8881 - 495 = -4*n. What is the remainder when n is divided by 29?
25
Let u = 12 + 50. Suppose -38 = -3*i - b, -4*i + 5*b + u - 5 = 0. Calculate the remainder when 3*(2 - 76/(-3) - 2) is divided by i.
11
Let h(o) = -10*o - 3. Let w(a) = -a + 11. Let v be w(9). Suppose 5*p - 12 = -3*x + 2*p, v*p + 4 = 0. What is the remainder when h(-1) is divided by x?
1
Suppose -36*i + 2467 = -20897. What is the remainder when i is divided by 50?
49
Let z = 4304 - 4279. Calculate the remainder when z is divided by 15.
10
Suppose 20*s - 1900 = -3*o + 16*s, -2*o = -3*s - 1278. What is the remainder when o is divided by 19?
9
Let z be (-8)/(-2)*10/8. Let a = 138 + -43. Suppose -z*s + 3*l = -26 - a, 0 = s + 2*l - 19. Calculate the remainder when 64 is divided by s.
18
Suppose -8*u = -3*u - 75. Suppose u*j = 11*j + 12. Suppose -22 = j*x - 5*x. What is the remainder when 32 is divided by x?
10
Suppose 3*y + 5*o - 1465 = -555, -3*y - 2*o = -913. Calculate the remainder when y is divided by 74.
9
Calculate the remainder when (3 - 3 - -3) + 1394/17 is divided by (-3)/(-2)*38/3.
9
Let c = -18 - -6. Let m = c + 36. Calculate the remainder when m is divided by 10/4*(28 + -33 - (-159)/15).
10
Let q = 33 - 24. Suppose -q + 5 = 2*p. What is the remainder when 48 is divided by (0 - -9) + 6 + p?
9
Suppose 5*h - 3*b + 449 = 0, 3*h - 179 = 5*h - b. Let q = 100 + h. Calculate the remainder when 19 is divided by q.
7
Suppose 0 = -2*k + 5*k + 69. Let g = k + 47. What is the remainder when 17 is divided by 3 - (g/(-4) - -3)?
5
Let o = 2 - 0. Suppose -315*i + 49 = -254*i - 12. What is the remainder when o is divided by i?
0
Suppose 0 = -3*j + 5*k - 10*k - 1053, -4*j - k = 1421. Let p = j - -424. What is the remainder when p is divided by 14?
12
Let g = 1359 - 1349. What is the remainder when 67 is divided by g?
7
Let h be -2 + 2 - -244*8. Suppose 1928 = 4*j - 2*s, -19*s + h = 4*j - 15*s. What is the remainder when j is divided by 81?
79
Suppose 2*b + 6 = 4*z, 5*z - 3 + 0 = 4*b. Let q(y) = 2*y**2 - y + 4. Let k(n) = 28*n**2 + 330*n - 17. Calculate the remainder when k(-12) is divided by q(z).
17
Suppose q - 51 = -49*j + 47*j, -q + 5*j + 93 = 0. Calculate the remainder when 2078 is divided by q.
62
Suppose 3*w + 3*t = -2*t - 474, 3*t = 2*w + 297. Let j = -12929 - -13181. Let c = j + w. Calculate the remainder when c is divided by 25.
24
Let y = 3893 + -3773. Calculate the remainder when 3599 is divided by y.
119
Suppose -2*g + 126 = -41 + 27. What is the remainder when 150 is divided by g?
10
Suppose -5*r + 67 + 26 = m, 5*m + 5*r - 325 = 0. Calculate the remainder when 7474 is divided by m.
50
Suppose -d + 200 = -11*d. What is the remainder when 382 is divided by (((-750)/d)/(-15))/(2/(-28))?
32
Let c be 22300/250 + 1/(-5). Suppose c*a - 312 = 77*a. What is the remainder when (-4)/(-6) + (-1076)/(-6) is divided by a?
24
Let u(k) = 3*k - 36. What is the remainder when u(29) is divided by 44?
7
Let x = 19186 + -18313. What is the remainder when x is divided by 9/36 - 75/(-4)?
18
Let t = 8 + -6. Let r = 52656 - 52631. Calculate the remainder when r is divided by t.
1
Suppose 18*c = -9977 - 2011. Let p = -623 - c. What is the remainder when 78 is divided by p?
35
Let c = 7087 - 4464. What is the remainder when c is divided by 36?
31
Suppose 12 = 4*r, -r + 63 = t + t. Suppose 0 = -3*c, 3*c - t = -4*k + 22. Suppose -12*j + 592 + 320 = 0. Calculate the remainder when j is divided by k.
11
Let k(w) = -w**2 + 28*w + 33. Let z be k(29). What is the remainder when 62 is divided by (-2)/(-1)*50/z?
12
Suppose -286 - 136 - 18 = -20*z. Calculate the remainder when 7169 is divided by z.
19
Suppose -4*t - 2*d + 4712 = 0, -4*t - 2368 = -6*t - 4*d. Suppose 0 = -19*o + 15*o + t. What is the remainder when o is divided by 11?
8
Suppose 7*m = 10*m - 96. Suppose -m*o + 40*o = 240. What is the remainder when o is divided by 17?
13
Suppose 4*r = -4*t + 6796, -46*t + 50*t - 6796 = 3*r. What is the remainder when t is divided by 63?
61
Suppose 2*i + 3*q = 73, -4*q = 2*i - 3*q - 63. Let s = 89 - 41. Suppose -7*o + 11*o = s. What is the remainder when i is divided by o?
5
Suppose -111078 = -46*o + 19*o - 72*o. Calculate the remainder when o is divided by 278.
10
Suppose -2 = 10*v + 8. Let m be (v - -33)*(-228)/(-48). Suppose 9*q + 17 - m = 0. What is the remainder when 86 is divided by q?
11
Let s(d) = -9*d**2 + 416*d - 64. Let f(q) = -5*q + 9. What is the remainder when s(46) is divided by f(1)?
0
Let g = -2594 + 2655. What is the remainder when 123 is divided by g?
1
Calculate the remainder when (885/(-20))/(5/210*1/(-2)) is divided by 93.
90
Suppose -6*d - 401 = -533. Let l be 9/(-12) + 777/28. Let h = l - 20. Calculate the remainder when d is divided by h.
1
Let h be (351 - -5)*(-2)/(-4). Let r = h + -168. What is the remainder when r is divided by 5?
0
Let u(x) = -15*x**3 + 5*x**2 + 6*x - 3. What is the remainder when u(-2) is divided by (-6 - (-66)/4)/(4/16)?
41
Suppose -2*v - 90 = -v. Suppose -22 = -4*u + 2*a, u + 127 - 105 = -5*a. Calculate the remainder when 71 is divided by (v/20)/((u/2)/(-3)).
8
Let q(x) = x**2 - 15*x + 42. What is the remainder when q(19) is divided by (-4)/(-22) + 196*3/33?
10
Suppose 3*p + 1538 = 2*n, 1297 = -5*n - 3*p + 5184. What is the remainder when n is divided by 48?
7
Suppose 11*c - s - 4 = 10*c, -4*s + 9 = c. Suppose -4*d + 95 + 65 = 4*v, -c*d + 28 = v. What is the remainder when 515 is divided by v?
42
What is the remainder when -15*(2/18)/((-124)/616776) is divided by 143?
139
Suppose -6*m + 8*m = 484. What is the remainder when 44/m + 1021/11 + 2 is divided by 14?
11
Suppose -7*c + b + 34 = -5*c, -3*c = -3*b - 51. Calculate the remainder when 195 is divided by c.
8
Suppose w = 2, 41 = u - 5*w - 229. Calculate the remainder when u is divided by 76.
52
Suppose p = 3*v + 2, 2*v = v + 1. Suppose 4*j + 2*a - 11 = p*a, -2*j + 4*a = -8. Let h = 72 - j. Calculate the remainder when h is divided by 24.
22
Let n be (-18)/(-15) + (-3 - 822/(-15)). Suppose 45*a - n*a = -792. What is the remainder when 386 is divided by a?
89
Suppose 8*r + 65*r = 46776 + 28122. What is the remainder when r is divided by 86?
80
What is the remainder when 1850389/1166 + 2/44 is divided by 30?
27
Let m = -83 + 159. Let n(y) = -66*y**2 - 491*y - 183. Calculate the remainder when m is divided by n(-7).
16
Suppose 12*d = 16 + 68. Suppose -2*p + 6 = -2*f, 2*f + 0*f - 19 = -3*p. Suppose 2 = -5*h - 3, 3*c - p*h = 38. Calculate the remainder when c is divided by d.
4
Let n(l) = 23*l**3 - 25*l - 15 + 15*l**3 - 39*l**3 + 11*l**2. What is the remainder when 10 is divided by n(7)?
4
Let m(w) = w**3 + 11*w**2 + 24*w. Let b = 296 + -302. What is the remainder when 356 is divided by m(b)?
32
Let l be -2*((-402)/6 - 2). Let p = l + -100. Calculate the remainder when p is divided by 7.
3
Let n(h) be the second derivative of 14*h + 1/6*h**3 - 6*h**2 + 0 + 1/12*h**4. What is the remainder when n(-10) is divided by 16?
14
Suppose -2*u - 5*j = 6, 3*j - 8*j - 14 = -2*u. Suppose -4*l - y = -191, -98 = u*l - 4*l + 2*y. What is the remainder when l is divided by 18?
12
Let q be 4/(-26) - (-1360)/221. Suppose q = -g + 28. What is the remainder when 58 is divided by g?
14
Calculate the remainder when 34 - 235840/(-608) - (21/(-19) - -1) is divided by 221.
201
Let j(q) = -q**2 + 31*q + 105. What is the remainder when (-172)/6*561/(-22) is divided by j(0)?
101
Let n(l) = 63*l - 862. Calculate the remainder when n(16) is divided by 28.
6
Let o = 164 - 149. Suppose -o*x + 42 = -8*x. Suppose 0 = x*b - 235 + 85. What is the remainder when 71 is divided by b?
21
Suppose 20*q - 4875 = 5*q. Suppose q = -32*w + 45*w. Calculate the remainder when 146 is divided by w.
21
Let z(u) be the first derivative of 29*u**2 - 10*u - 17. Let r b